ide 117287298?
True
Is 14274120 a multiple of 12?
True
Is 21700827 a multiple of 957?
False
Is 15681331 a multiple of 1403?
True
Is 15996751 a multiple of 3943?
True
Is 6 a factor of 317439023?
False
Is 7945960 a multiple of 8?
True
Is 1669190941 a multiple of 11?
True
Does 371 divide 863912826?
True
Does 31 divide 2936785347?
False
Is 24 a factor of 165334809?
False
Is 4014910575 a multiple of 15?
True
Is 30048120 a multiple of 24?
True
Is 250787512 a multiple of 208?
False
Is 3 a factor of 1122894?
True
Is 291 a factor of 5110063?
False
Does 32 divide 100727008?
True
Does 14 divide 9547674330?
False
Is 9 a factor of 13498623?
True
Is 4 a factor of 32130424?
True
Is 641 a factor of 2967690903?
True
Is 240 a factor of 80119440?
True
Is 12040520 a multiple of 20?
True
Is 4618882280 a multiple of 2354?
False
Does 593 divide 12288571?
False
Is 11 a factor of 184657903?
False
Is 80401111 a multiple of 1156?
False
Does 36 divide 319762584?
True
Does 8508 divide 1983487056?
True
Is 2 a factor of 149624139?
False
Is 416466714 a multiple of 6494?
True
Is 312 a factor of 536251587?
False
Is 2 a factor of 43433307?
False
Is 12298164 a multiple of 6?
True
Is 844678676 a multiple of 2256?
False
Does 28 divide 601124995?
False
Is 1401599714 a multiple of 1426?
True
Is 5451731 a multiple of 19?
False
Does 49 divide 287781261?
False
Is 663823539 a multiple of 2921?
True
Is 312 a factor of 5091216?
True
Is 44540960 a multiple of 121?
False
Is 57581064 a multiple of 216?
True
Is 70 a factor of 59845014?
False
Does 12 divide 302583552?
True
Does 2302 divide 450895023?
False
Is 8079 a factor of 2644458675?
True
Does 41 divide 41187534?
True
Is 26 a factor of 1018973904?
True
Is 25 a factor of 7275775?
True
Is 17183838 a multiple of 2136?
False
Does 20 divide 40773700?
True
Is 32 a factor of 10917543?
False
Is 12 a factor of 1887552432?
True
Does 1598 divide 9153344?
True
Is 328036184 a multiple of 1068?
False
Is 7338430 a multiple of 782?
False
Does 18 divide 165230640?
True
Does 122 divide 66935056?
True
Is 259 a factor of 22064728?
True
Does 860 divide 87683880?
True
Is 94288 a multiple of 166?
True
Is 151 a factor of 7857464?
False
Is 15 a factor of 50021445?
True
Does 8 divide 64260720?
True
Is 35 a factor of 157443755?
True
Does 930 divide 34551360?
True
Is 79 a factor of 213988713?
False
Does 3 divide 390759?
True
Does 961 divide 20620177?
True
Is 3094614 a multiple of 148?
False
Is 64442500 a multiple of 78?
False
Is 9 a factor of 157009821?
False
Is 2860 a factor of 744498040?
True
Is 16753792 a multiple of 1606?
True
Is 161 a factor of 148996806?
True
Is 34520447 a multiple of 67?
False
Is 136741300 a multiple of 2825?
True
Is 418 a factor of 38535002?
True
Is 1438879936 a multiple of 6464?
True
Is 264 a factor of 1209123982?
False
Does 3632 divide 1514035520?
True
Does 59 divide 4727139?
True
Is 20 a factor of 32265789?
False
Does 9 divide 73786077?
True
Does 15 divide 28727133?
False
Does 154 divide 98530894?
True
Is 209 a factor of 144347731?
True
Is 14673156 a multiple of 14?
False
Does 16 divide 11281728?
True
Is 1874013750 a multiple of 4770?
True
Is 17 a factor of 2093432343?
True
Is 16450746 a multiple of 5?
False
Is 296 a factor of 930108639?
False
Is 866 a factor of 3927136?
False
Is 157821583 a multiple of 14?
False
Does 231 divide 1336370876?
False
Is 5937595417 a multiple of 17?
False
Does 624 divide 100035591?
False
Is 51743021 a multiple of 226?
False
Is 6746252 a multiple of 31?
False
Is 1344 a factor of 151606903?
False
Does 7243 divide 4856300436?
False
Is 5 a factor of 38581397?
False
Is 1394 a factor of 87289492?
True
Is 2395 a factor of 234182047?
False
Is 1772062296 a multiple of 12?
True
Is 18 a factor of 10001412?
True
Is 5 a factor of 140840460?
True
Does 4 divide 83001560?
True
Does 115 divide 12333980?
True
Is 45 a factor of 69790950?
True
Is 115281540 a multiple of 45?
True
Is 38 a factor of 110362108?
True
Is 328 a factor of 709177656?
True
Is 648295725 a multiple of 435?
True
Is 216953308 a multiple of 143?
True
Does 2407 divide 163750312?
False
Does 140 divide 53592280?
True
Is 103530561 a multiple of 599?
True
Is 31435481 a multiple of 11?
True
Is 4 a factor of 15595249?
False
Is 1804031950 a multiple of 35?
True
Is 1571 a factor of 125877946?
True
Is 3866 a factor of 152699268?
True
Is 16328784 a multiple of 24?
True
Is 186430708 a multiple of 3891?
False
Is 1949 a factor of 129935932?
True
Does 5 divide 114015250?
True
Is 2058954 a multiple of 27?
False
Does 52 divide 55816784?
False
Is 824 a factor of 37809240?
True
Is 45096024 a multiple of 9466?
True
Is 134621961 a multiple of 99?
False
Is 5321 a factor of 1017798677?
False
Does 39 divide 39496158?
True
Does 2699 divide 11001124?
True
Is 22218617 a multiple of 288?
False
Does 1015 divide 84541380?
True
Does 49 divide 69980280?
False
Does 128 divide 52733990?
False
Is 149029178 a multiple of 13?
False
Does 117 divide 8392714?
False
Is 16156 a factor of 7033855420?
False
Does 675 divide 15284025?
True
Is 213202522 a multiple of 26?
True
Is 61 a factor of 8382791?
False
Does 783 divide 12867039?
True
Is 382 a factor of 16261874?
False
Is 236 a factor of 350294092?
True
Is 7299214 a multiple of 15?
False
Does 12 divide 95422908?
True
Is 79202304 a multiple of 384?
True
Does 961 divide 1424582499?
False
Is 63200919 a multiple of 212?
False
Is 17 a factor of 850218263?
True
Does 5 divide 154151640?
True
Is 1523349940 a multiple of 70?
True
Does 921 divide 623694154?
False
Does 143 divide 46978789?
True
Does 40 divide 78383000?
True
Does 5 divide 3754683?
False
Does 2297 divide 12750647?
True
Is 15 a factor of 55991440?
False
Does 178 divide 12236391?
False
Does 331 divide 22333563?
True
Does 57 divide 87976479?
True
Is 13351761 a multiple of 2?
False
Does 971 divide 57751595?
False
Does 29 divide 1623884?
True
Is 456713653 a multiple of 11?
True
Is 2033 a factor of 24717965?
False
Is 11135920 a multiple of 103?
False
Is 6660 a factor of 410762160?
True
Is 1839685292 a multiple of 17?
False
Does 42 divide 2689142?
False
Does 146 divide 753420?
False
Does 1489 divide 542983207?
True
Is 50 a factor of 4970444?
False
Does 7896 divide 2368334136?
True
Is 58 a factor of 2220704?
True
Does 2201 divide 1650400041?
True
Does 265 divide 37209710?
True
Is 9431208 a multiple of 1269?
True
Does 893 divide 648908965?
False
Does 39 divide 2737821509?
False
Is 3612254 a multiple of 8?
False
Is 77004886 a multiple of 2191?
True
Is 2470459782 a multiple of 12?
False
Does 21 divide 1314242622?
True
Does 3 divide 8466378?
True
Is 490815415 a multiple of 8555?
False
Is 59 a factor of 61770013?
False
Is 2401087659 a multiple of 252?
False
Is 37 a factor of 5166321?
False
Is 327 a factor of 1615486?
False
Is 734262555 a multiple of 51?
True
Is 959 a factor of 13402984?
True
Is 77 a factor of 41618038?
True
Is 3 a factor of 119583372?
True
Is 8420566 even?
True
Is 81515518 a multiple of 2752?
False
Is 18 a factor of 20264468?
False
Does 6159 divide 133243806?
True
Does 6 divide 61835391?
False
Is 71961984 a multiple of 12?
True
Is 845237052 a multiple of 9?
True
Is 4271596 a multiple of 83?
False
Does 1509 divide 40414936?
False
Does 2770 divide 257668499?
False
Is 1524 a factor of 25984200?
True
Is 200 a factor of 330701701?
False
Is 131188656 a multiple of 15?
False
Does 4 divide 11440316?
True
Does 9 divide 148439034?
True
Does 14 divide 3994914?
True
Does 189 divide 407006019?
True
Does 3 divide 37399589?
False
Is 365166396 a multiple of 114?
True
Is 2218 a factor of 665923448?
True
Is 165 a factor of 105416025?
True
Does 10 divide 305927768?
False
Is 187577156 a multiple of 52?
True
Does 257 divide 219298871?
True
Is 783397638 a multiple of 17?
True
Is 17159562 a multiple of 41?
False
Is 1410405066 a multiple of 93?
False
Does 689 divide 582207061?
False
Does 38 divide 972384136?
False
Is 25211283 a multiple of 19?
False
Is 33186319 a multiple of 953?
True
Is 615 a factor of 85760520?
True
Does 8 divide 321656608?
True
Is 4668623406 a multiple of 15629?
False
Is 50432876 a multiple of 52?
True
Does 5 divide 567931376?
False
Does 3385 divide 1157328116?
False
Is 297 a factor of 20076903?
True
Does 2 divide 2828810?
True
Is 14 a factor of 11207840?
True
Is 66078432 a multiple of 84?
True
